 -15 + 12. Let a be m(z). Let y = a + 45. What are the prime factors of y?
13
Let g = 128 + -28. List the prime factors of g.
2, 5
Let x = 136 - -84. What are the prime factors of x?
2, 5, 11
Let o = 211 - 196. What are the prime factors of o?
3, 5
Let g = -110 + -127. What are the prime factors of (g/(-6) + 2)*2?
83
Let h(x) = 24*x**2 - 11*x + 12. What are the prime factors of h(7)?
11, 101
Let t(c) = c - 1. Let y(l) = 15*l - 5*l - 3*l + 8*l - 2. Let w(b) = -6*t(b) + y(b). What are the prime factors of w(2)?
2, 11
Let n(g) = -18*g - 13. What are the prime factors of n(-6)?
5, 19
Suppose 12*q - 9*q = -126. What are the prime factors of ((-12)/14)/(3/q)?
2, 3
Let v(x) be the third derivative of -x**6/120 - 2*x**5/15 + x**4/12 - 10*x**2. List the prime factors of v(-9).
3, 7
Suppose -121 = -3*c + 251. Suppose 0*t + 4*t = c. List the prime factors of t.
31
Suppose 0 = -4*q - 4*m - 0*m - 156, 5*m - 21 = q. Let k = q + 60. What are the prime factors of k?
2, 3
What are the prime factors of ((-108)/(-21))/((-16)/(-56))?
2, 3
List the prime factors of (4 - (971 + 0))*-1.
967
Suppose 2200 = 2*i - 480. List the prime factors of i.
2, 5, 67
Suppose -9 = 3*r, 8*n - 4*n - 3494 = 2*r. List the prime factors of n.
2, 109
Suppose -2*k + 4*y + 208 = 0, -5*k + 585 - 70 = -5*y. What are the prime factors of k?
2, 3, 17
Suppose -5*r + 9*r - 5*s = 1506, 5*s = -3*r + 1147. Let a = r - 202. List the prime factors of a.
3, 59
Suppose l + 0*d - 4*d = 421, -4*l + 1768 = 5*d. Suppose w + l = -78. What are the prime factors of w/(-15) + 4/6?
5, 7
Let v be ((-9)/4)/(5/(-120)). Suppose i = 4*f + 62, -5*f - v = -f + 3*i. Let d = 7 - f. List the prime factors of d.
2, 11
Suppose 2*o + 6 - 25 = -3*w, -2*w - 3*o + 21 = 0. Suppose 5*z = -w*v + 178, 3*v + 3*z = 8*v - 308. Suppose 0 = 4*i - v - 47. List the prime factors of i.
3
Let b(c) = -26*c + 13*c - 25*c - 3*c - 17. Let x be b(-4). Suppose -3*o = -x + 30. List the prime factors of o.
3, 13
List the prime factors of ((-120)/7)/((-30)/315).
2, 3, 5
Suppose 9*j - 6*j = 18. Suppose r = -r - 2*n - j, -5*n = 25. Suppose 42 = r*g + g. What are the prime factors of g?
2, 7
Let w(i) = i**3 + 9*i**2 + 8*i - 10. Suppose 4*z + 29 = -3*u, -u + 2 = u. Let d be w(z). Let a = 58 + d. List the prime factors of a.
2, 3
Suppose -5*k + 1430 = -5*l, -5*k + l + 1333 = -77. List the prime factors of k.
281
Suppose -2*h + 503 = -p, 4*h + 2*p - 1011 = 3*p. What are the prime factors of h?
2, 127
Suppose -3*j + 4*f - 76 = 2*f, -3*j + 5*f - 82 = 0. List the prime factors of j/20*1/(6/(-100)).
2, 5
Suppose 2328 = 7*p - p. Suppose -a + 5*a = p. List the prime factors of a.
97
Suppose 32 - 8 = -6*r. What are the prime factors of ((-1270)/(-15))/(r/(-6))?
127
Suppose -4*y = -19*y - 30. List the prime factors of (y - (-2)/4)*(-28 - 10).
3, 19
Suppose 2*v = l - 4, -v + 8 = -3*l + v. Let z(w) = -24*w - 12. What are the prime factors of z(l)?
2, 3, 11
Suppose -6 = -0*v - 2*v. Suppose 148 = 2*x - 5*i, -241 = -v*x + 2*i + 3. List the prime factors of x.
2, 3, 7
Let i(g) = -g**3 - 8*g**2 - 7 - 9*g - 9 + 6. Let t be i(-7). Suppose -t*l + 107 = -7*d + 2*d, 3*l - 3*d = 84. List the prime factors of l.
3, 11
Suppose 3*x - 1 = 2*x. List the prime factors of (-28)/(-2*x/4).
2, 7
List the prime factors of 8/(-6)*2175/(-10).
2, 5, 29
Suppose 8 = -a + 7, -517 = -3*w + a. List the prime factors of w.
2, 43
Suppose -34*i + 36*i - 758 = 0. List the prime factors of i.
379
Suppose -2*p - 30 = -0*c - 4*c, 0 = -4*c + 4*p + 28. Suppose c*g = 10*g - 118. What are the prime factors of g?
59
Let v(u) be the third derivative of -5*u**2 - u**3 + 1/60*u**5 + 0*u - 1/6*u**4 + 0. What are the prime factors of v(-4)?
2, 13
Let u be 4/(5/(140/8)). Let p be 7/2*8/u. What are the prime factors of (2 - 0/(-2))*p?
2
Let t = -11 + 7. Let c(m) = -14*m - 7. What are the prime factors of c(t)?
7
Let g(q) = 77*q**3 - 1. Let c be g(-1). Let f = 35 - c. List the prime factors of f.
113
Let i(m) = -m**2 + 7*m - 5. Let g be i(5). Suppose g*v = f + 4*v - 6, f - 2*v = 10. Suppose f*l - 3 = 1. List the prime factors of l.
2
Let m = 6 - 4. Let n(j) = -4 - 3 + 5*j**m - 3*j + 5. List the prime factors of n(-2).
2, 3
Suppose -2*m - 17*m + 3686 = 0. List the prime factors of m.
2, 97
Suppose m = -5*u - 2247, -2*m - 3350 - 1133 = -u. List the prime factors of m/19*(-2)/4.
59
Let a be 5/(25/(-10)) + 20. Let l = a - -20. List the prime factors of l.
2, 19
Let r(z) = 47*z**3 + 3*z**2 - 5*z + 8. List the prime factors of r(2).
2, 193
Let d be ((3 - 1) + -4)*-2. Suppose d*p = 3*p + 295. Suppose b = 6*b - p. What are the prime factors of b?
59
Suppose y + 13*a - 17*a - 408 = 0, 0 = 3*y + 5*a - 1207. List the prime factors of y.
2, 101
Let i(s) be the third derivative of s**6/40 + s**5/30 - s**4/6 + s**3/3 + 5*s**2. Let u be i(2). What are the prime factors of 386/u + 2/13?
3, 5
Suppose 2*f - 470 = -3*i, -4*i + 785 = i + 3*f. Let v = i - 20. List the prime factors of v/6 + (-4)/12.
23
List the prime factors of (-115)/(-23)*2/(10/467).
467
Suppose -15 = j - 6*j - 2*q, -q + 5 = 0. What are the prime factors of 3/(15/130) - j*-1?
3
Let y be 54/12*74/3. Let c = y - 59. List the prime factors of c.
2, 13
Suppose 190 = -6*c + c. Let x = -2 - c. Let k = x - 32. List the prime factors of k.
2
Let d = -32 + 34. List the prime factors of 89 - ((d - 0) + -3).
2, 3, 5
Suppose -2*q - 5*s - 22 = -q, -2*q - 3*s - 9 = 0. What are the prime factors of -5*(-490)/75*q?
2, 7
Suppose 188*c - 178*c = 21340. What are the prime factors of c?
2, 11, 97
Let y = 1109 - 235. What are the prime factors of y?
2, 19, 23
Suppose -4*b + 9 = -3*m, 3 = -2*b - 3*b - m. Let r(l) = -l**2 + 5. Let n be r(b). Suppose -j + n - 1 = 0. What are the prime factors of j?
2
Suppose 0 = -25*a + 21*a + 2*l + 320, 0 = -4*a - 5*l + 334. What are the prime factors of a?
3
What are the prime factors of (-2)/17 - (-88770)/255?
2, 3, 29
Suppose 8*w + 5 = 9*w. Suppose y - z - z = 107, w*y - 3*z - 521 = 0. What are the prime factors of y?
103
Let s(k) = -k**3 + 7*k**2 - 4*k - 4. Let q(l) = -l**3 + 3*l**2 - l + 2. Let f be q(2). List the prime factors of s(f).
2, 7
Let k(x) = 2*x - 7*x**2 + 23*x**3 + 5*x**2 - 4*x**2 - 22*x**3 - 9. List the prime factors of k(6).
3
Suppose 0 = c - 5*k + 13, 5*c + 2*k = -0*k + 16. Suppose -24 = -d - h - 0*h, -c*h = 4. What are the prime factors of d?
2, 13
Let m be (12/10)/((12/(-10))/(-3)). Let t(x) = 33*x - 1. What are the prime factors of t(m)?
2, 7
List the prime factors of ((-320)/(-4))/8*232/10.
2, 29
Suppose -b + 3 + 0 = 0. Suppose -4*a + 2*a + 44 = 3*c, -3*c + 48 = 3*a. Suppose j = -2*w + 17, -2*j + 37 = b*w + c. What are the prime factors of w?
3
Let n(t) = 48*t + 105. List the prime factors of n(17).
3, 307
Let x(j) = 3*j**2. Let p be x(-1). Let m = -1 + p. Suppose 0 = 3*c - m*c - 10. List the prime factors of c.
2, 5
Suppose 0 = 3*z - 0*z. Suppose z - 116 = -4*c. List the prime factors of c.
29
Let c(b) = -24*b - 151. What are the prime factors of c(-29)?
5, 109
Let k = 35 + -19. Let m(z) = 25*z - 8. Let q be m(0). Let t = k + q. What are the prime factors of t?
2
Let g(k) = -30*k - 16. Let r(z) = -60*z - 31. Let l(s) = 5*g(s) - 2*r(s). What are the prime factors of l(-5)?
2, 3, 11
Let d be 3/(-2) + 14/4. What are the prime factors of (-14)/((0 - d) + 1)?
2, 7
List the prime factors of (-2)/(-7) + 2681/49.
5, 11
Let f(c) be the first derivative of -c**4/4 + 13*c**3/3 + c**2/2 + 3*c + 78. Let d = -18 - -31. What are the prime factors of f(d)?
2
Let y = 14 + -10. Suppose -l - 138 = -y*l. What are the prime factors of l?
2, 23
Let w = 2 - 0. Suppose 0 = -3*a + b + 15 - 11, 22 = 4*a + 2*b. Suppose 136 = a*z + 2*z - w*v, 5*v = z - 41. What are the prime factors of z?
2, 13
Suppose -2*g - 3*a + 92 = -201, -134 = -g - 4*a. List the prime factors of g.
2, 7, 11
Let h(z) = 41*z - 4. Let m be h(2). Suppose 4*p = -5*j - 55, 3*p = -2*p + 3*j - m. List the prime factors of (p/6)/(6/(-36)).
3, 5
Let i(r) = -r**3 - 7*r**2 + 9*r + 5. Let k be i(-8). Let c(v) be the second derivative of 5*v**4/12 - 3*v**2/2 + 2*v. What are the prime factors of c(k)?
2, 3, 7
Let l(r) = r**2 - 3*r - 4. Let h be l(4). Let m(d) = 0*d + h - 12 + 4*d - 3. List the prime factors of m(10).
5
What are the prime factors of -1056*((-45)/(-10) - 5)?
2, 3, 11
Let h(v) = 